{"id":231,"date":"2018-11-26T23:12:57","date_gmt":"2018-11-26T22:12:57","guid":{"rendered":"https:\/\/agilityhundesportgrupperheinsieg1993evhome.wordpress.com\/?page_id=231"},"modified":"2026-03-30T07:51:39","modified_gmt":"2026-03-30T05:51:39","slug":"termine","status":"publish","type":"page","link":"https:\/\/agility-hsg.de\/?page_id=231","title":{"rendered":"Termine"},"content":{"rendered":"\n<h2 class=\"wp-block-heading\">Turniere 2026<\/h2>\n\n\n\n<p>24.05.2026: Rally-Obedience<br>30.05.2026: Agility: Wink Team Trophy<br>31.05.2026: Agility: Wink Team Trophy<br>13.06.2026: Hoopers Turnier<br>14.06.2026: Hoopers Offene Landesmeisterschaft Hessen\/Rheinlandpfalz<br>15.08.2026: Agility: Rewe-Cup<br>16.08.2026: Agility: Rewe-Cup<br>06.09.2026: BH-Pr\u00fcfung<\/p>\n\n\n\n<h2 class=\"wp-block-heading\">Seminare 2026<\/h2>\n\n\n\n<p>18.04.2026: K\u00f6rpersprache des Hundes (SKN Verl\u00e4ngerung Basis) mit Anne Weber<\/p>\n\n\n\n<h2 class=\"wp-block-heading\">Vereinsinterne Termine 2026<\/h2>\n\n\n\n<p>10.01.2026: Neujahrs-Essen<br>24.01.2026: Arbeitstag (ab 10 Uhr)<br>07.02.2026: Jahreshauptversammlung (11 Uhr)<br>21.02.2026: Arbeitstag (ab 10 Uhr)<br>07.03.2026: Trainertreffen (11:30 Uhr)<br>21.03.2026: Arbeitstag (ab 10 Uhr)<br><strong>25.04.2026: Arbeitstag (ab 10 Uhr)<br><\/strong>23.05.2026: Arbeitstag (ab 10 Uhr)<br>29.05.2026: Arbeitstag (ab 16 Uhr)<br>12.06.2026: Arbeitstag (ab 16 Uhr)<br>18.07.2026: Arbeitstag (ab 10 Uhr)<br>14.08.2026: Arbeitstag (ab 16 Uhr)<br>19.09.2026: Arbeitstag (ab 10 Uhr)<br>17.10.2026: Arbeitstag (ab 10 Uhr)<br>14.11.2026: Arbeitstag (ab 10 Uhr)<br><\/p>\n\n\n\n<p><br><br><\/p>\n","protected":false},"excerpt":{"rendered":"<p>Turniere 2026 24.05.2026: Rally-Obedience30.05.2026: Agility: Wink Team Trophy31.05.2026: Agility: Wink Team Trophy13.06.2026: Hoopers Turnier14.06.2026: Hoopers Offene Landesmeisterschaft Hessen\/Rheinlandpfalz15.08.2026: Agility: Rewe-Cup16.08.2026: Agility: Rewe-Cup06.09.2026: BH-Pr\u00fcfung Seminare 2026 18.04.2026: K\u00f6rpersprache des Hundes (SKN Verl\u00e4ngerung Basis) mit Anne Weber Vereinsinterne Termine 2026 10.01.2026: Neujahrs-Essen24.01.2026: Arbeitstag (ab 10 Uhr)07.02.2026: Jahreshauptversammlung (11 Uhr)21.02.2026: Arbeitstag (ab 10 Uhr)07.03.2026: Trainertreffen (11:30 Uhr)21.03.2026: Arbeitstag [&hellip;]<\/p>\n","protected":false},"author":2,"featured_media":3876,"parent":0,"menu_order":0,"comment_status":"closed","ping_status":"closed","template":"","meta":{"pgc_sgb_lightbox_settings":"","footnotes":""},"class_list":["post-231","page","type-page","status-publish","has-post-thumbnail","hentry"],"_links":{"self":[{"href":"https:\/\/agility-hsg.de\/index.php?rest_route=\/wp\/v2\/pages\/231","targetHints":{"allow":["GET"]}}],"collection":[{"href":"https:\/\/agility-hsg.de\/index.php?rest_route=\/wp\/v2\/pages"}],"about":[{"href":"https:\/\/agility-hsg.de\/index.php?rest_route=\/wp\/v2\/types\/page"}],"author":[{"embeddable":true,"href":"https:\/\/agility-hsg.de\/index.php?rest_route=\/wp\/v2\/users\/2"}],"replies":[{"embeddable":true,"href":"https:\/\/agility-hsg.de\/index.php?rest_route=%2Fwp%2Fv2%2Fcomments&post=231"}],"version-history":[{"count":34,"href":"https:\/\/agility-hsg.de\/index.php?rest_route=\/wp\/v2\/pages\/231\/revisions"}],"predecessor-version":[{"id":4518,"href":"https:\/\/agility-hsg.de\/index.php?rest_route=\/wp\/v2\/pages\/231\/revisions\/4518"}],"wp:featuredmedia":[{"embeddable":true,"href":"https:\/\/agility-hsg.de\/index.php?rest_route=\/wp\/v2\/media\/3876"}],"wp:attachment":[{"href":"https:\/\/agility-hsg.de\/index.php?rest_route=%2Fwp%2Fv2%2Fmedia&parent=231"}],"curies":[{"name":"wp","href":"https:\/\/api.w.org\/{rel}","templated":true}]}}