{"id":8,"date":"2018-11-26T20:13:03","date_gmt":"2018-11-26T18:13:03","guid":{"rendered":"https:\/\/agilityhundesportgrupperheinsieg1993evhome.wordpress.com\/?page_id=3"},"modified":"2025-11-09T11:35:24","modified_gmt":"2025-11-09T10:35:24","slug":"kontakt","status":"publish","type":"page","link":"https:\/\/agility-hsg.de\/?page_id=8","title":{"rendered":"Kontakt"},"content":{"rendered":"\n<p>Ihr habt Fragen oder m\u00f6chtet mehr \u00fcber unseren Verein erfahren?<br>Dann schreibt uns gerne \u00fcber das Kontaktformular. Wir melden uns so schnell wie m\u00f6glich bei euch.<\/p>\n\n\n\n<p>Wir freuen uns auf eure Nachricht.<\/p>\n\n\n<div class=\"forminator-ui forminator-custom-form forminator-custom-form-4389 forminator-design--default  forminator_ajax\" data-forminator-render=\"0\" data-form=\"forminator-module-4389\" data-uid=\"69e4460df1577\"><br\/><\/div><form\n\t\t\t\tid=\"forminator-module-4389\"\n\t\t\t\tclass=\"forminator-ui forminator-custom-form forminator-custom-form-4389 forminator-design--default  forminator_ajax\"\n\t\t\t\tmethod=\"post\"\n\t\t\t\tdata-forminator-render=\"0\"\n\t\t\t\tdata-form-id=\"4389\"\n\t\t\t\t data-color-option=\"theme\" data-design=\"default\" data-grid=\"open\" style=\"display: none;\"\n\t\t\t\tdata-uid=\"69e4460df1577\"\n\t\t\t><div role=\"alert\" aria-live=\"polite\" class=\"forminator-response-message forminator-error\" aria-hidden=\"true\"><\/div><div class=\"forminator-row\"><div id=\"name-1\" class=\"forminator-field-name forminator-col forminator-col-12 \"><div class=\"forminator-field\"><label for=\"forminator-field-name-1_69e4460df1577\" id=\"forminator-field-name-1_69e4460df1577-label\" class=\"forminator-label\">Vorname <span class=\"forminator-required\">*<\/span><\/label><input type=\"text\" name=\"name-1\" value=\"\" placeholder=\"\" id=\"forminator-field-name-1_69e4460df1577\" class=\"forminator-input forminator-name--field\" aria-required=\"true\" autocomplete=\"name\" \/><\/div><\/div><\/div><div class=\"forminator-row\"><div id=\"email-1\" class=\"forminator-field-email forminator-col forminator-col-12 \"><div class=\"forminator-field\"><label for=\"forminator-field-email-1_69e4460df1577\" id=\"forminator-field-email-1_69e4460df1577-label\" class=\"forminator-label\">E-Mail-Adresse <span class=\"forminator-required\">*<\/span><\/label><input type=\"email\" name=\"email-1\" value=\"\" placeholder=\"\" id=\"forminator-field-email-1_69e4460df1577\" class=\"forminator-input forminator-email--field\" data-required=\"true\" aria-required=\"true\" autocomplete=\"email\" \/><\/div><\/div><\/div><div class=\"forminator-row\"><div id=\"select-1\" class=\"forminator-field-select forminator-col forminator-col-12 \"><div class=\"forminator-field\"><label for=\"forminator-form-4389__field--select-1_69e4460df1577\" id=\"forminator-form-4389__field--select-1_69e4460df1577-label\" class=\"forminator-label\">Um was geht es? <span class=\"forminator-required\">*<\/span><\/label><select  id=\"forminator-form-4389__field--select-1_69e4460df1577\" class=\"forminator-select--field forminator-select2 forminator-select2-multiple\" data-required=\"1\" name=\"select-1\" data-default-value=\"one\" data-hidden-behavior=\"zero\" data-placeholder=\"Bitte w\u00e4hle eine Option aus\" data-search=\"false\" data-search-placeholder=\"Bitte w\u00e4hle eine Option aus\" data-checkbox=\"false\" data-allow-clear=\"false\" aria-labelledby=\"forminator-form-4389__field--select-1_69e4460df1577-label\"><option value=\"\"  >Bitte w\u00e4hle eine Option aus<\/option><option value=\"one\" selected=\"selected\" data-calculation=\"0\">Allgemeine Fragen zum Verein<\/option><option value=\"two\"  data-calculation=\"0\">Erziehung \/ Welpe \/ Junghund \/ BH<\/option><option value=\"Agility\"  data-calculation=\"0\">Agility<\/option><option value=\"Hoopers\"  data-calculation=\"0\">Hoopers<\/option><option value=\"RallyO\"  data-calculation=\"0\">RallyO<\/option><option value=\"Obedience\"  data-calculation=\"0\">Obedience<\/option><option value=\"Mantrailing\"  data-calculation=\"0\">Mantrailing<\/option><\/select><\/div><\/div><\/div><div class=\"forminator-row\"><div id=\"textarea-1\" class=\"forminator-field-textarea forminator-col forminator-col-12 \"><div class=\"forminator-field\"><label for=\"forminator-field-textarea-1_69e4460df1577\" id=\"forminator-field-textarea-1_69e4460df1577-label\" class=\"forminator-label\">Nachricht<\/label><span id=\"forminator-field-textarea-1_69e4460df1577-description\" class=\"forminator-description\"><span data-limit=\"180\" data-type=\"characters\" data-editor=\"\">0 \/ 180<\/span><\/span><textarea name=\"textarea-1\" placeholder=\"\" id=\"forminator-field-textarea-1_69e4460df1577\" class=\"forminator-textarea\" rows=\"6\" style=\"min-height:140px;\" maxlength=\"180\" ><\/textarea><\/div><\/div><\/div><input type=\"hidden\" name=\"referer_url\" value=\"\" \/><div class=\"forminator-row forminator-row-last\"><div class=\"forminator-col\"><div class=\"forminator-field\"><button class=\"forminator-button forminator-button-submit\">Absenden<\/button><\/div><\/div><\/div><input type=\"hidden\" id=\"forminator_nonce\" name=\"forminator_nonce\" value=\"136fe081cd\" \/><input type=\"hidden\" name=\"_wp_http_referer\" value=\"\/index.php?rest_route=%2Fwp%2Fv2%2Fpages%2F8\" \/><input type=\"hidden\" name=\"form_id\" value=\"4389\"><input type=\"hidden\" name=\"page_id\" value=\"8\"><input type=\"hidden\" name=\"form_type\" value=\"default\"><input type=\"hidden\" name=\"current_url\" value=\"https:\/\/agility-hsg.de\/?page_id=8\"><input type=\"hidden\" name=\"render_id\" value=\"0\"><input type=\"hidden\" name=\"action\" value=\"forminator_submit_form_custom-forms\"><\/form>\n","protected":false},"excerpt":{"rendered":"<p>Ihr habt Fragen oder m\u00f6chtet mehr \u00fcber unseren Verein erfahren?Dann schreibt uns gerne \u00fcber das Kontaktformular. Wir melden uns so schnell wie m\u00f6glich bei euch. Wir freuen uns auf eure Nachricht.<\/p>\n","protected":false},"author":2,"featured_media":0,"parent":0,"menu_order":2,"comment_status":"closed","ping_status":"closed","template":"","meta":{"pgc_sgb_lightbox_settings":"","footnotes":""},"class_list":["post-8","page","type-page","status-publish","hentry"],"_links":{"self":[{"href":"https:\/\/agility-hsg.de\/index.php?rest_route=\/wp\/v2\/pages\/8","targetHints":{"allow":["GET"]}}],"collection":[{"href":"https:\/\/agility-hsg.de\/index.php?rest_route=\/wp\/v2\/pages"}],"about":[{"href":"https:\/\/agility-hsg.de\/index.php?rest_route=\/wp\/v2\/types\/page"}],"author":[{"embeddable":true,"href":"https:\/\/agility-hsg.de\/index.php?rest_route=\/wp\/v2\/users\/2"}],"replies":[{"embeddable":true,"href":"https:\/\/agility-hsg.de\/index.php?rest_route=%2Fwp%2Fv2%2Fcomments&post=8"}],"version-history":[{"count":6,"href":"https:\/\/agility-hsg.de\/index.php?rest_route=\/wp\/v2\/pages\/8\/revisions"}],"predecessor-version":[{"id":4390,"href":"https:\/\/agility-hsg.de\/index.php?rest_route=\/wp\/v2\/pages\/8\/revisions\/4390"}],"wp:attachment":[{"href":"https:\/\/agility-hsg.de\/index.php?rest_route=%2Fwp%2Fv2%2Fmedia&parent=8"}],"curies":[{"name":"wp","href":"https:\/\/api.w.org\/{rel}","templated":true}]}}